
-10714b (base 12) to base 11
-169212
What is -122001102220 (base 3) in base 15?
-696c6
-4712063 (base 10) to base 8
-21763177
What is -278884 (base 10) in base 7?
-2241034
What is 82877 (base 10) in base 8?
241675
Convert 1112122210 (base 3) to base 2.
111011010100001
-4230145 (base 6) to base 13
-72a91
Convert -7511126 (base 8) to base 10.
-2003542
Convert 122067 (base 9) to base 3.
10202002021
-222230132 (base 5) to base 14
-1b603b
What is -453068 (base 11) in base 14?
-14ad00
14074514 (base 8) to base 4
30013211030
Convert 43525122 (base 6) to base 12.
5297a2
-301031012220 (base 4) to base 15
-11ebca3
e805 (base 16) to base 13
21060
1679266 (base 12) to base 4
101230310232
-a38d4 (base 15) to base 3
-222100002001
448b308 (base 12) to base 4
302010033320
What is 4004322 (base 6) in base 14?
4c52a
What is 11012122102 (base 3) in base 11?
57276
What is -1090a40 (base 12) in base 3?
-12222021001010
46361 (base 15) to base 3
102100121101
Convert 10100011020 (base 3) to base 8.
200274
What is -337d99 (base 15) in base 8?
-11276166
Convert 2ab79 (base 14) to base 13.
39650
aeba4 (base 15) to base 14
106957
Convert -26d812 (base 15) to base 2.
-111001000000110100000
What is 35545b (base 12) in base 9?
1548858
Convert 102301301 (base 4) to base 2.
10010110001110001
Convert 3240651 (base 8) to base 10.
868777
Convert -5032053 (base 6) to base 4.
-322001001
What is 1435150 (base 11) in base 2?
1001011010001011010111
Convert -60282 (base 13) to base 8.
-517442
Convert -1133200302 (base 4) to base 2.
-1011111100000110010
120624 (base 8) to base 15
c3c9
-136bdc (base 16) to base 14
-251bc0
Convert 4230555 (base 7) to base 3.
221222220210
Convert 1970b3 (base 12) to base 4.
1231103013
3020367 (base 8) to base 13
21aa4c
Convert 824186 (base 9) to base 14.
ca0b3
-395992 (base 13) to base 10
-1383553
-1433332430 (base 5) to base 7
-44241320
14602 (base 9) to base 7
41024
-11221223 (base 5) to base 7
-601511
-b3703 (base 15) to base 6
-20104150
What is -2880610 (base 11) in base 3?
-100022110021221
Convert 77574 (base 14) to base 2.
1000110100110110010
1535102 (base 7) to base 6
4303125
Convert 134429 (base 13) to base 11.
299519
What is -10c68c (base 14) in base 4?
-2023222110
2941024 (base 10) to base 15
3d1634
What is 9457 (base 15) in base 3?
1121000101
What is -1802c06 (base 14) in base 10?
-11839974
Convert -691702 (base 10) to base 5.
-134113302
344194 (base 13) to base 12
4b7b81
64124044 (base 7) to base 6
312253231
Convert -319794 (base 13) to base 2.
-100011100000011111101
Convert -21042143 (base 5) to base 6.
-3424401
What is -13624772 (base 8) in base 12?
-10508a2
Convert -3110202012 (base 4) to base 13.
-246312
220110210 (base 6) to base 10
3928254
41450253 (base 8) to base 10
8802475
What is -64018 (base 13) in base 8?
-537717
What is 8bd76 (base 16) in base 11?
361389
What is -29b784 (base 13) in base 7?
-11466416
Convert -30b69 (base 14) to base 13.
-41633
Convert -2a9821a (base 11) to base 6.
-305303544
What is -3303032211 (base 5) in base 9?
-14281316
Convert -2080037 (base 9) to base 11.
-6a2024
Convert 1223454 (base 6) to base 5.
4100001
Convert 104977 (base 14) to base 2.
10000110011100001101
What is -1120122122212 (base 3) in base 16?
-ccf89
Convert 2874b (base 12) to base 9.
85275
Convert -610639 (base 11) to base 15.
-145d2a
-2763881 (base 9) to base 13
-412228
13ab10 (base 12) to base 11
205964
3001325 (base 6) to base 9
233418
What is 548272 (base 9) in base 14?
87524
What is -110110100011001010 (base 2) in base 6?
-4442230
Convert 10200433 (base 5) to base 11.
58532
Convert b8e08a (base 15) to base 12.
2b47941
Convert -14ce6 (base 16) to base 4.
-110303212
Convert 1971bbc (base 13) to base 16.
7fc168
253030124 (base 6) to base 4
102230332210
Convert 113100333021 (base 4) to base 3.
102110212002210
Convert 1101311321 (base 4) to base 8.
1216571
What is -39dd2 (base 14) in base 10?
-142676
Convert 14134570 (base 8) to base 16.
30b978
What is 620465 (base 8) in base 5?
23030414
What is -179398 (base 12) in base 2?
-1100100000111100100
Convert -134895 (base 13) to base 15.
-93693
-2023133044 (base 5) to base 11
-2360544
Convert -2122861 (base 11) to base 15.
-4dc487
Convert 3768650 (base 10) to base 13.
a1c492
Convert 111111001000111101001 (base 2) to base 4.
13321013221
20034412 (base 5) to base 2
100110110000001100
-15215337 (base 8) to base 9
-6484045
Convert 31045 (base 7) to base 12.
4477
What is 5434052 (base 7) in base 11?
413a34
2656a (base 14) to base 16
170a2
1155435 (base 6) to base 5
3442114
Convert 2247016 (base 8) to base 2.
10010100111000001110
Convert -10c9d7 (base 14) to base 9.
-1062538
11110110101111100 (base 2) to base 6
2412512
What is -11011101110101010 (base 2) in base 12?
-5588a
What is -1111101111111011 (base 2) in base 9?
-107434
What is 613326 (base 7) in base 5?
11320224
42186 (base 16) to base 15
55336
165716 (base 11) to base 16
3e9a0
Convert -10111012000112 (base 3) to base 6.
-103422405
What is -20211021122121 (base 3) in base 13?
-9a0003
What is -1120533 (base 6) in base 7?
-325560
136732 (base 11) to base 7
1550306
Convert -989759 (base 12) to base 15.
-32c970
Convert -273271 (base 15) to base 13.
-50c5a2
Convert -465499 (base 11) to base 15.
-e90b7
-1a5854 (base 11) to base 6
-10430555
-2341314 (base 7) to base 16
-48390
What is 626319 (base 13) in base 10?
2298591
What is 1224333243 (base 5) in base 10?
2964823
What is 107e4 (base 15) in base 14?
1515c
What is 1231330130 (base 4) in base 6?
13352512
What is -2112002000000 (base 3) in base 2?
-101000111000111111110
What is -1220a (base 11) in base 13?
-7cb5
What is 22021002011000 (base 3) in base 5?
2111002000
Convert 238a06 (base 11) to base 4.
1130100201
What is -6600674 (base 8) in base 9?
-3286773
Convert -1110011000010111 (base 2) to base 6.
-1132411
Convert -a89 (base 15) to base 13.
-1110
What is 11324324 (base 5) in base 14?
2a376
What is -28528 (base 11) in base 4?
-21321311
Convert -10000101010001101110010 (base 2) to base 11.
-2513179
-320144313 (base 5) to base 3
-2111210100202
What is a5e23 (base 15) in base 12?
2146b0
What is 12000201220 (base 3) in base 10?
98952
Convert 10d102 (base 15) to base 16.
c4295
3114211401 (base 5) to base 4
120121330132
What is 201de (base 15) in base 6?
2102432
Convert -1662269 (base 10) to base 13.
-4627bb
-42371 (base 8) to base 6
-213425
530344 (base 10) to base 14
db3ba
Convert -12133010 (base 4) to base 8.
-63704
Convert 14535661 (base 8) to base 16.
32bbb1
What is -2566302 (base 7) in base 13?
-b9bb0
Convert 343025 (base 8) to base 6.
2254101
What is ec6e3 (base 15) in base 13?
20398b
What is 2255251 (base 7) in base 16?
4508e
160468 (base 11) to base 14
66ca3
What is -2169aaa (base 11) in base 13?
-a33097
Convert 100001110111011011001 (base 2) to base 7.
12301224
Convert -220043 (base 5) to base 16.
-1d63
Convert 40100005 (base 7) to base 8.
14502610
Convert 305407 (base 10) to base 7.
2411254
Convert 17197 (base 10) to base 8.
41455
What is -1fe58 (base 16) in base 10?
-130648
-154444 (base 12) to base 13
-c7b64
Convert -95607 (base 11) to base 5.
-13423112
What is -102245220 (base 6) in base 14?
-34a140
99a52 (base 13) to base 10
278579
Convert 7601117 (base 9) to base 10.
4075207
143322042 (base 6) to base 9
5520158
Convert -478713 (base 10) to base 11.
-2a7734
What is -11643246 (base 7) in base 8?
-4010177
-1206122 (base 9) to base 11
-407409
Convert 3020424 (base 5) to base 3.
2110011122
469076 (base 11) to base 16
b5ab0
-4054235 (base 6) to base 14
-50a19
6d561 (base 15) to base 2
1010101001010101001
What is -160260336 (base 7) in base 14?
-15dd28d
3005560 (base 8) to base 12
320980
What is 17f63 (base 16) in base 14?
27aa7
Convert 141205444 (base 6) to base 12.
b60884
Convert -4a97b (base 13) to base 11.
-94617
-200410202 (base 5) to base 7
-6516054
Convert -4032265 (base 8) to base 13.
-2b2558
What is -110101021200 (base 3) in base 15?
-4c313
-11111331230 (base 4) to base 14
-28664c
Convert 22203033032 (base 4) to base 11.
1619a70
What is 10111110110100111 (base 2) in base 8?
276647
-73a0 (base 12) to base 5
-401043
What is 87281 (base 13) in base 4?
323221112
Convert 202245b (base 12) to base 7.
102101600
Convert -4288248 (base 10) to base 4.
-100112323320
Convert -101010001010101001 (ba